 z(t).
-3
Let f(l) = -l**3 - 2. Let i(g) = -g**2 + 10*g - 5. Let w be i(7). Suppose 9 = 5*k - w. Suppose k*p = 4*p. Determine f(p).
-2
Let t be (3 + 3)/(1 - 2). Let q(l) = l**3 + 7*l**2 + 6*l + 9. Determine q(t).
9
Let y(b) = 5*b**2 + 5*b + 3. Let x(r) = 6*r**2 + 5*r + 4. Suppose 0 = 5*f - 1 + 26. Let g(q) = f*y(q) + 4*x(q). What is g(-6)?
-5
Let l(v) = v**3 + 5*v**2 - v - 1. Let z be l(-5). Suppose 3*q = -z - 11. Let n(g) = g - 4. Let h(i) = -5. Let m(x) = q*n(x) + 4*h(x). Calculate m(-2).
10
Let f(h) = -2*h**2 - 9*h + 8. Let v be f(-5). Let a(j) be the first derivative of 1 + 6*j + v*j**2 - 1/3*j**3. Determine a(6).
6
Let m(k) = 2*k - 3. Let i(u) = u**2 - u. Let q(f) = i(f) - m(f). Let h(p) = p**3 - 5*p**2 - 7*p + 8. Let b be h(6). Determine q(b).
1
Let m(c) = -c**3 - 5*c**2 - 5*c - 4. Suppose b + 5 = 1. Calculate m(b).
0
Let u(n) be the first derivative of -n**2/2 - 12*n - 2. Let v be u(-11). Let t(w) = 8*w**2 - 1. What is t(v)?
7
Let d(q) = q**3 - 7*q**2 - 43*q - 17. Let r be d(11). Let l(x) = -7*x + 1. Let j(a) = -20*a + 2. Let c(u) = -6*j(u) + 17*l(u). Give c(r).
-1
Let u(c) = 2*c**2 - 4*c + 1. Let t(o) = -o - 8. Let h be t(-8). Suppose h = r - 2 - 1. What is u(r)?
7
Suppose c + 8 - 11 = 0. Let g(v) be the third derivative of v**5/60 - v**4/8 + 2*v**3/3 + 2*v**2. Give g(c).
4
Let x(y) = y**3 + 4*y**2 - 2. Suppose z - 2 = -2*v, -5*z - 25 = -2*v + 1. Calculate x(z).
-2
Let g(x) = -4*x - 1. Let y(n) = -5*n. Let c = 8 + -2. Let l(a) = c*g(a) - 5*y(a). Let r = 358 - 353. Determine l(r).
-1
Let t(u) = -u**2 - 3*u + 3. Suppose -4 = -4*o + 2*g + 2, 4*o - 5*g + 3 = 0. Determine t(o).
-15
Let d = -66 + 66. Let w(z) = -z**2 - z + 1. Determine w(d).
1
Let z(b) = b - 253 + 257 - 5*b. Calculate z(3).
-8
Let x(d) = d**3 + 5*d**2 + 4*d - 1. Let k = 26 + -30. What is x(k)?
-1
Let j(f) = -2*f. Let t(h) = -10*h + 1. Let q(z) = -11*j(z) + 2*t(z). Calculate q(6).
14
Let o be -3*(-1)/6*-2. Let y(j) be the second derivative of 0*j**3 + 0 + 0*j**2 + 0*j**4 + 1/10*j**5 + j. Calculate y(o).
-2
Let f(b) be the second derivative of 0 + b - 1/6*b**3 + 6*b**2. Determine f(7).
5
Let w(t) = 10*t**2. Let u = 2 + 1. Suppose -u*n + 3 = -0*n. Determine w(n).
10
Let h(y) be the first derivative of y**5/20 + y**4/12 + y**3/6 - 5*y + 4. Let b(d) be the first derivative of h(d). What is b(-2)?
-6
Let h be (4 - (2 - -1) - 0)*-1. Let m(w) = -2*w**2 + 1. Calculate m(h).
-1
Let w(z) be the first derivative of -2*z - 8 - 1/2*z**2. Suppose 2*i + 17 = -3*b, 5*b = 3*i - i - 7. Calculate w(i).
2
Let j(n) be the second derivative of -n**5/20 - n**4/12 - n**3/6 + 5*n**2/2 + 7*n. What is j(0)?
5
Let i(g) = g**2 + 10*g + 6. Let z be i(-10). Let w(r) = -r + 2. Give w(z).
-4
Let d(v) be the second derivative of -v**4/12 + v**3/6 - 4*v. Calculate d(4).
-12
Let x(m) = -m**2 + m + 4. Let i(c) = -c - 2. Let r be i(-6). Give x(r).
-8
Let f be (0 + 1 - (6 - 2))/1. Let i(x) = -x. Calculate i(f).
3
Let k(x) = 8*x. Suppose 5*a - 13 = 3*q, a + 4*a - 45 = -5*q. Suppose 3*h + h = 8. Suppose -q*n = -h*n - 2. What is k(n)?
8
Let v(k) = 2*k**2 - 3*k - 2. Suppose r + 0*r = 3. Give v(r).
7
Let u(l) = -l**2 + 6*l - 5. Let w be 9 + 2*(2 - 3). Determine u(w).
-12
Let q = -25 + 25. Suppose -5*f = 15, 5*n - f = -q + 23. Let i(u) = u - 4. Determine i(n).
0
Let q(d) = -d - 2*d + d + 0*d + 2. Calculate q(7).
-12
Suppose 2 = v + 4. Let m(x) be the second derivative of -x**5/10 - x**4/3 - x**3/2 - x. Give m(v).
6
Let y(m) = -m - 3. Let i(z) = z + 14. Let c be i(-10). Suppose 4*j - 4*n + 4 = 0, c*n = -j - 0*n + 24. Let t = 7 - j. What is y(t)?
-6
Let f(o) = -5*o**3 + 2*o**2 + 9*o - 9. Let i(q) = -q**3 - q**2 + q - 1. Let k(m) = f(m) - 4*i(m). What is k(7)?
-19
Let n(q) = q**3 + 8*q**2 - 8*q + 13. Let p be n(-9). Let i(m) = -m**2 + p - 6*m + m + 0. Let y be (15/(-12))/(2/8). Give i(y).
4
Let x(s) = 2*s**2 - s. Let v be x(-1). Let g(f) = 0*f**2 - v*f - 6 + 2*f + f**3 + f**2. Suppose 2*z - 16 = -4*b - 2*z, 4 = -5*b + z. Determine g(b).
-6
Let t(u) = 9*u**2 + 2*u + 1. Let z be t(-1). Let i(w) = 0 + 1 + z - 1 + w. Determine i(0).
8
Let r(l) be the third derivative of 1/6*l**3 + 0*l - 1/8*l**4 + l**2 + 0 - 1/120*l**5. Let q(k) be the first derivative of r(k). Calculate q(4).
-7
Let n = 4 + -2. Let s(b) = -5 - n + 3*b**2 + 3 + b - b**3 - 2*b. Calculate s(3).
-7
Let q(b) = -3*b**3 + b + 1. Let u(j) be the second derivative of -2*j**5/5 + j**3/2 + 3*j**2/2 + 3*j. Let g(k) = 11*q(k) - 4*u(k). Determine g(-2).
9
Suppose -3*a = 1 - 7. Let q(m) be the first derivative of -m**4/4 + 2*m**2 - 3*m - 1. Give q(a).
-3
Suppose 7 + 25 = 4*p - 5*m, -m = -5*p + 40. Let u(a) = -2 - 5 + 2*a - p*a + 7*a. What is u(6)?
-1
Let k be (2/(-4))/(3/(-72)). Suppose -3 = -3*y + k. Let n(c) = c**2 - 4*c + 5. Calculate n(y).
10
Suppose -q - 9*q = -10. Let m(w) be the first derivative of -w**4/4 - w**3/3 - w**2/2 + w + 1. Determine m(q).
-2
Let x be 3/(6/(-8)) - 2. Let v(c) = c**3 + 7*c**2 + 6*c + 4. Calculate v(x).
4
Suppose 3*s - 5*j - 1 = 0, -4*j + 5 = j. Let r(o) be the third derivative of 1/12*o**4 - s*o**2 + 0 - 1/6*o**3 + 0*o. What is r(1)?
1
Let v = 8 - 7. Let j(a) = -17*a. What is j(v)?
-17
Let w(c) = 1 - c - 8 + 0 + 3. Let d be 46/(-14) + 2/7. Determine w(d).
-1
Let j be 3 + -2 - (-16 + 1). Let g = j + -25. Let z(t) = -t - 5. Let f be z(g). Let m(w) = -w**2 + 5*w + 2. Give m(f).
6
Let t(p) = -2*p**2 + 29*p - 4. Let m be t(14). Let s(n) = -n**3 + 10*n**2 + 2*n - 15. Determine s(m).
5
Suppose 3*n - 5 = 1. Let g(t) = 6 - 3 + 6 + n*t. Let c(i) = 3*i + 13. Let m(w) = 5*c(w) - 7*g(w). Determine m(-4).
-2
Let s(z) = 9*z**3 + 19*z**2 + 4*z + 5. Let k(x) = -5*x**3 - 10*x**2 - 2*x - 3. Let d(p) = 11*k(p) + 6*s(p). Calculate d(4).
5
Let r(o) be the first derivative of 0*o**5 - 1/24*o**4 + 1/2*o**2 - 2 + 0*o**3 - 1/20*o**6 + 0*o. Let k(f) be the second derivative of r(f). Determine k(1).
-7
Let b(i) = -4*i + 5*i - 20 + 16. Give b(-4).
-8
Let o(j) = -9*j - 21. Let d = -28 - -20. Let z(y) = 14*y + 32. Let g(f) = d*o(f) - 5*z(f). Give g(-6).
-4
Let p be (-312)/(-18) + 2/(-6). Suppose -p = -3*h - 4*r, 0 = -0*h - 4*h + 4*r + 4. Let i(b) = 1 + 4*b - b**2 - 1. Give i(h).
3
Let s(n) be the second derivative of n**5/20 - 5*n**4/12 + n**3/6 - 3*n. What is s(3)?
-15
Suppose -o + 8*o - 28 = 0. Let v(g) = -g**3 + 4*g**2 - 3*g - 4. Determine v(o).
-16
Suppose 0 = -2*h - 2*h + 12. Let l be (6 - h) + 0/(-1). Let m = -8 + l. Let s(p) = p + 7. What is s(m)?
2
Let l(b) = 2*b**2 - b + 1. Let m(o) = o**3 - 8*o**2 + 5*o + 12. Let x be m(7). Calculate l(x).
11
Let h(a) = 13*a. Let z(s) = 2*s**2 + s. Let q be z(-1). Determine h(q).
13
Suppose -5*w + 4*v - 65 = 0, -2*w - 3*v = -7*w - 60. Let b(h) = h**3 + 8*h**2 - 9*h - 6. Give b(w).
-6
Let u(r) = r**3 - 7*r**2 + 7*r + 1. Let s be 2 + 42/10 - 1/5. Give u(s).
7
Suppose 5*i + 18 = 8*i. Suppose c - 4*c = -i. Let v(l) = -l**3 - l**2 + 3*l - 2. What is v(c)?
-8
Let a(w) = -2*w - 7. Let u(y) = -y. Let n be u(6). Determine a(n).
5
Let n(a) = -a**2 - 5*a + 4. Let m be n(-3). Suppose 2*x + m = -2*t, 5*t + x = 5*x - 25. Let j(g) = g**2 + 6*g. Give j(t).
-5
Let y(n) = 3 + 1 - 4*n**2 - n**2 + n**3 + 3*n. Let x = 4 - -3. Let d = x + -3. Give y(d).
0
Let s be 2*-1 - -2 - 0. Let q(o) be the first derivative of -1 - o + 1/2*o**2. What is q(s)?
-1
Let z(n) be the first derivative of -n**3/3 + 3*n**2 + 4*n - 12. Suppose 3*k = 9 + 9. Determine z(k).
4
Let j(l) be the first derivative of -l**7/840 + l**6/72 - l**5/40 + 7*l**4/24 - 2*l**3/3 + 2. Let u(f) be the third derivative of j(f). Give u(5).
-8
Let x(y) = -5*y + 3. Suppose 5*a = 3*m + a + 11, 0 = -5*m + 4*a - 5. What is x(m)?
-12
Let i be ((-35)/5 + 7)*1/(-2). Let g = -1 + 1. Let x(y) = 2 + g*y + y - 2*y. What is x(i)?
2
Let z(h) = h - 1. Let j(f) = 15*f**2 + 27*f - 12. Let n(x) = 7*x**2 + 13*x - 6. Let d(l) = -6*j(l) + 13*n(l). Let u(p) = -d(p) + 3*z(p). Determine u(-5).
-2
Let f(u) = -9*u - 18. Suppose z = 5 + 3. Let s(y) = 14*y + 27. Let l(a) = z*f(a) + 5*s(a). Give l(-6).
3
Let p be (-10)/(-3)*-1*3. Let c = 6 + p. Let r(a) = -2*a - 5. Let u(v) = -2*v - 5. Let i(y) = -3*r(y) + 4*u(y). Give i(c).
3
Let u(s) be the first derivative of -s**3/3 - s**2 + 4*s - 58. Let r be 1/((8/6)/4). Give u(r).
-11
Let d be (-3 - -5)*10/4. Let v(t) be the second derivative of t**5/20 - 5*t**4/12 - 7*t**2/2 + 